 number?
False
Is 26099 a composite number?
False
Is 126913 prime?
True
Is 2531 prime?
True
Is 35681 a composite number?
True
Is 521141 a prime number?
False
Is 373937 composite?
False
Is 380678 a composite number?
True
Is 97423 prime?
True
Is 1193 composite?
False
Is 7118797 a composite number?
True
Is 38271 composite?
True
Is 325087 a composite number?
True
Is 289223 composite?
True
Is 45763 a composite number?
False
Is 1053319 a prime number?
True
Is 192329 composite?
True
Is 53293 composite?
True
Is 16941 composite?
True
Is 98339 a prime number?
False
Is 5953 a prime number?
True
Is 45737 composite?
False
Is 2974931 a composite number?
False
Is 7669 a composite number?
False
Is 18533 a composite number?
True
Is 332533 composite?
True
Is 421891 a prime number?
True
Is 1640461 composite?
False
Is 4703 composite?
False
Is 631487 composite?
False
Is 15529 a prime number?
False
Is 88211 a composite number?
False
Is 4529521 a prime number?
True
Is 31511 a prime number?
True
Is 120949 a composite number?
True
Is 86561 composite?
False
Is 24031 prime?
False
Is 17735 a composite number?
True
Is 1561 composite?
True
Is 309359 a composite number?
False
Is 449 prime?
True
Is 11777 prime?
True
Is 88171 prime?
False
Is 222941 prime?
True
Is 72967 prime?
False
Is 4133 a composite number?
False
Is 5437 a composite number?
False
Is 7621 a composite number?
False
Is 110989 composite?
False
Is 56107 a composite number?
True
Is 22837 prime?
False
Is 78311 composite?
False
Is 25867 a prime number?
True
Is 41119 a composite number?
True
Is 73561 a prime number?
True
Is 3037 a composite number?
False
Is 35783 composite?
True
Is 197981 a prime number?
False
Is 319 a prime number?
False
Is 40757 prime?
False
Is 23417 a composite number?
False
Is 547 a prime number?
True
Is 8441 a composite number?
True
Is 25561 a prime number?
True
Is 82939 a composite number?
False
Is 9487 a composite number?
True
Is 260054 prime?
False
Is 107993 prime?
False
Is 28813 composite?
False
Is 692673 prime?
False
Is 11707 composite?
True
Is 68437 prime?
True
Is 9577 a prime number?
False
Is 14969 a prime number?
True
Is 97073 composite?
False
Is 45515 prime?
False
Is 29989 a prime number?
True
Is 1459993 prime?
True
Is 3137 composite?
False
Is 234833 a prime number?
True
Is 2099 a prime number?
True
Is 131207 a prime number?
False
Is 101731 a composite number?
True
Is 362381 a composite number?
False
Is 93523 composite?
False
Is 354533 prime?
True
Is 473741 prime?
True
Is 123817 a composite number?
False
Is 305063 a composite number?
True
Is 813553 composite?
True
Is 8491 prime?
False
Is 270773 prime?
False
Is 24545 composite?
True
Is 1176457 a prime number?
False
Is 934783 a composite number?
True
Is 1348943 a prime number?
False
Is 13427 composite?
True
Is 20885 a composite number?
True
Is 2503 composite?
False
Is 8039 prime?
True
Is 32539 a prime number?
False
Is 189851 a composite number?
False
Is 49739 prime?
True
Is 1888723 a prime number?
True
Is 1117 composite?
False
Is 4327 composite?
False
Is 12791 a prime number?
True
Is 558835 composite?
True
Is 32117 a prime number?
True
Is 2333 composite?
False
Is 1133105 a composite number?
True
Is 89877 composite?
True
Is 88099 a composite number?
True
Is 6743 a prime number?
False
Is 1399 a prime number?
True
Is 3250267 prime?
False
Is 55259 a composite number?
False
Is 122635 composite?
True
Is 20789 a composite number?
False
Is 50111 a prime number?
True
Is 129209 a composite number?
False
Is 8775233 a composite number?
False
Is 1084493 a prime number?
True
Is 288877 a prime number?
True
Is 14609 composite?
True
Is 1117 a composite number?
False
Is 82883 composite?
False
Is 1141303 a prime number?
True
Is 323393 composite?
True
Is 21247 prime?
True
Is 496733 a prime number?
True
Is 81119 a prime number?
True
Is 23531 a prime number?
True
Is 4801 a composite number?
False
Is 60493 prime?
True
Is 21587 prime?
True
Is 110221 prime?
True
Is 2075221 composite?
True
Is 40387 a prime number?
True
Is 552047 prime?
True
Is 33481 prime?
False
Is 35879 a prime number?
True
Is 132747 prime?
False
Is 941417 a prime number?
False
Is 55313 composite?
False
Is 128479 a composite number?
True
Is 5581 a prime number?
True
Is 3316713 prime?
False
Is 37831 a prime number?
True
Is 135887 prime?
True
Is 2705 a composite number?
True
Is 40693 composite?
False
Is 1911961 prime?
True
Is 22735 composite?
True
Is 11002 a prime number?
False
Is 20011 a composite number?
False
Is 6373 a prime number?
True
Is 8567 composite?
True
Is 4201 composite?
False
Is 464073 a prime number?
False
Is 9655 composite?
True
Is 17233 a composite number?
True
Is 69061 a composite number?
False
Is 3943 prime?
True
Is 1763 prime?
False
Is 3881 composite?
False
Is 156941 prime?
True
Is 161453 prime?
True
Is 1020758 a composite number?
True
Is 28109 a prime number?
True
Is 2018 a composite number?
True
Is 60869 composite?
False
Is 29551 a prime number?
False
Is 14051 a composite number?
False
Is 411659 a prime number?
False
Is 102761 prime?
True
Is 31247 composite?
False
Is 11283 a prime number?
False
Is 464361 composite?
True
Is 67121 a composite number?
False
Is 29459 composite?
True
Is 47939 a prime number?
True
Is 3433 prime?
True
Is 680123 a prime number?
True
Is 185303 a composite number?
False
Is 17467 composite?
False
Is 23159 prime?
True
Is 100999 a composite number?
False
Is 26339 a prime number?
True
Is 2908553 composite?
True
Is 5749 prime?
True
Is 144869 a composite number?
True
Is 7897 prime?
False
Is 4174 a prime number?
False
Is 4957 a composite number?
False
Is 5065109 a composite number?
True
Is 30445 composite?
True
Is 60811 prime?
True
Is 2086853 a composite number?
False
Is 593329 prime?
False
Is 734309 a prime number?
False
Is 79367 prime?
True
Is 3251 prime?
True
Is 25989 composite?
True
Is 134611 composite?
True
Is 65687 a prime number?
True
Is 511 prime?
False
Is 17417 a composite number?
False
Is 537703 prime?
True
Is 210347 composite?
False
Is 7121 prime?
True
Is 222715 a prime number?
False
Is 11777 a prime number?
True
Is 122357 a prime number?
False
Is 2521 a prime number?
True
Is 317827 a composite number?
False
Is 12633 a composite number?
True
Is 194851 prime?
False
Is 2453 composite?
True
Is 347 a composite number?
False
Is 453053 composite?
False
Is 969739 composite?
True
Is 116317 composite?
True
Is 6803 prime?
True
Is 24047 composite?
True
Is 3491 a prime number?
True
Is 3967 composite?
False
Is 1757881 composite?
False
Is 124438 composite?
True
Is 796891 a prime number?
False
Is 107047 a prime number?
False
Is 308285 composite?
True
Is 3153 prime?
False
Is 2999 prime?
True
Is 80021 a prime number?
True
Is 2475995 a composite number?
True
Is 1047229 prime?
True
Is 273641 composite?
False
Is 200071 composite?
True
Is 1517813 prime?
False
Is 1492385 a composite number?
True
Is 356203 prime?
False
Is 256049 composite?
False
Is 439903 a prime number?
True
Is 482851 prime?
False
Is 9029 a composite number?
False
Is 158741 composite?
True
Is 4583 a prime number?
True
Is 2168291 prime?
True
Is 1969 a prime number?
False
Is 3407 a prime number?
True
Is 1679998 a prime number?
False
Is 2371 a composite number?
False
Is 10331 composite?
False
Is 3641 composite?
True
Is 16349 a prime number?
True
Is 23341 a prime number?
False
Is 1097 composite?
False
Is 55343 prime?
True
Is 592447 a composite number?
True
Is 6227 a composite number?
True
Is 10061 prime?
True
Is 469 composite?
True
Is 53437 composite?
False
Is 397 a composite number?
False
Is 4177 a composite number?
False
Is 2203 composite?
False
Is 204791 prime?
True
Is 2627323 composite?
True
Is 7283 prime?
True
Is 33023 a composite number?
False
Is 771409 a prime number?
False
Is 29261 a prime number?
False
Is 42323 composite?
False
Is 28387 a composite number?
False
Is 1226411 a composite number?
True
Is 909451 composite?
False
Is 13549 composite?
True
Is 2503 composite?
False
Is 7177 a composite number?
False
Is 1793 a prime number?
False
Is 106 prime?
False
Is 20486 a prime number?
False
Is 18431 composite?
True
Is 334093 a prime number?
True
Is 720019 prime?
True
Is 18839 composite?
False
Is 17377 a composite number?
False
Is 26591 a prime number?
True
Is 1370613 a composite number?
True
Is 2361